1867 + -1026. What is the hundreds digit of h?
8
Let v be 10 - 2*(-6)/(-4). Let z = -10 + v. What is the units digit of 40/(-2 - -4) - z?
3
Let a = 43 + -41. Suppose -j + 47 = -3*o, -a*j = 2*j + 4*o - 108. What is the units digit of j?
2
Suppose 4*c = 578 + 1506. What is the tens digit of c?
2
Let y = 23 - 28. What is the tens digit of 3 + (-372 + -3)/y?
7
Suppose 142 = 5*w - 3. Let j = w - 8. Suppose a = -0*a - 4*z + j, -2*a - 4*z + 38 = 0. What is the tens digit of a?
1
Let s = -23 + 60. Let k = 73 - s. What is the units digit of k?
6
Let f be 4/(-24) - (-50)/12. Suppose 2*z = -f*z + 18. Suppose -2 = z*h - 11. What is the units digit of h?
3
Let z be (-36)/(-27)*(-18)/(-8). Suppose 8*h = z*h + 90. What is the units digit of h?
8
Let g(y) = 5*y - 8. Suppose 4*s - 2*n = -5*n - 220, -2*s + 5*n - 84 = 0. Let u be ((-2)/(-4))/((-2)/s). What is the tens digit of g(u)?
5
Let f = -622 + 960. Let h(j) = -346*j - 1 - 2*j**2 + f*j + j**2. What is the units digit of h(-6)?
1
Let a be 3 - (-5 - -2 - 0). Let i(f) = f**3 - 2*f**2 - 5*f + 6. Let m be i(a). Suppose t = -o + 17, t - 2*o = -4*t + m. What is the tens digit of t?
2
Let g(w) be the second derivative of -w**4/12 + 5*w**3/3 - 3*w**2/2 - 2*w. What is the units digit of g(3)?
8
What is the thousands digit of 12/42 + 14656/7?
2
Suppose -5 + 2 = 3*n. What is the tens digit of n + 4 - (-16 - -5)?
1
Suppose -4*t + 12 = 4. What is the tens digit of ((-54)/8)/(t/(-32)*3)?
3
Let o(v) = 2*v**3 - v**2. Let g(i) = 3*i**3 - 2*i**2 - i - 1. Let z(a) = 4*g(a) - 5*o(a). What is the units digit of z(5)?
1
Let h(g) be the first derivative of g**6/360 - 7*g**5/120 + 7*g**4/24 - g**3/3 + 6. Let n(q) be the third derivative of h(q). What is the tens digit of n(9)?
2
Suppose -4*d - 5*w + 31 = -2*d, -5*w + 47 = 4*d. Let x = 49 + d. What is the units digit of x?
7
Suppose 3*b = -2*w + 35 + 1, -6 = -3*b. What is the units digit of w?
5
Let s(p) = -p**2 + 16*p + 2. Let g be s(15). Let h = -2 + g. What is the units digit of (204/8)/(h/40)?
8
Let s = 466 - 299. What is the hundreds digit of s?
1
Let m = 5 - -2. Let s(h) = -h + 7. Let a be s(m). Suppose 2*t - 6*t + 3*f + 150 = a, 0 = 3*t - 2*f - 112. What is the units digit of t?
6
What is the units digit of (-45)/150 - 62946/(-20)?
7
Suppose 0 = -u + o + 4, 3*u - 2*o + 11 = 27. Let v = 2 + u. What is the units digit of v?
0
Let i(m) be the first derivative of 2*m**3/3 - 2*m**2 - 7*m - 12. What is the units digit of i(4)?
9
Let b = 9 + -4. Let h = 6 - b. Suppose 61 = 2*v + h. What is the tens digit of v?
3
Suppose 62*x - 11046 = 20*x. What is the units digit of x?
3
Let d be (-3*(-2)/(-9))/((-18)/4563). Suppose 263 + d = 8*g. What is the tens digit of g?
5
Suppose 2*c + 2239 = i + 398, -9257 = -5*i - 3*c. What is the hundreds digit of i?
8
Let p = -25 - -594. What is the hundreds digit of p?
5
Let f(t) = t**2 + 31*t - 19. What is the tens digit of f(9)?
4
Suppose 3*i + 2 = 2*i - c, 5*c = -2*i + 5. What is the units digit of -4 + 6 + i + 33?
0
Let k(b) = b**3 - 2*b - 4. Let w be k(-3). Let q = -23 - w. Suppose 0 = -2*s - q*s + 16. What is the units digit of s?
4
Suppose 5323 - 13555 = -6*w. What is the units digit of w?
2
Suppose 7*i = 17*i - 5150. What is the tens digit of i?
1
Suppose -2*k + 0*t + 26 = 4*t, 0 = -3*k - t + 19. Suppose -4 = -k*y + 21. Suppose 3*d - 69 = 5*r, 3*d - 2*d - y*r = 23. What is the tens digit of d?
2
Let l(o) = -5*o + 6. Let v be l(9). Let z be (-20)/6*v/26. What is the tens digit of z + 11 - (1 + 3)?
1
Let x = -16 - 15. Let q = 84 + x. What is the tens digit of q?
5
Suppose -4*o + 0*o - 4*s + 4 = 0, 0 = 3*o - 5*s + 5. What is the tens digit of (1 + 70)*(1 - o)?
7
Suppose 6 = 4*g - 10. Suppose -g*w + 168 = -0*w. Suppose 0 = -5*p + w + 13. What is the units digit of p?
1
Let k be -1 + 80 + -4 + 0. Let m be 13080/k*10/4. Suppose m = 4*n + 156. What is the tens digit of n?
7
Let x be (-18)/(-1 - 9/(-3)). What is the units digit of -4 + (0 - 0) - x?
5
Let p be (3 - 8)/((-1)/2). Suppose -9*m = -p*m + 27. Suppose -2*f = l - m - 7, -2*f - 86 = -4*l. What is the tens digit of l?
2
Suppose -3*t = -9, 0 = 5*b + 19*t - 15*t - 7102. What is the tens digit of b?
1
Let m(c) = c**2 - 20*c + 19. Let x be m(19). Suppose x = -z + 60 - 0. What is the tens digit of z?
6
Suppose -2*f + 21 = 5*b, 2*b + 2*b = f + 9. Suppose -4*h = -z + 2*z - 20, -h + 24 = 5*z. What is the units digit of b/((-6)/h)*-3?
6
Suppose -9 = -3*h, -2*h - 2*h = 2*k - 32. Let p = k + -5. Suppose s + p*u = 29, 2*u - 9 = -s + u. What is the units digit of s?
4
Suppose -4*o - 3 = -67. What is the tens digit of o?
1
Let p(y) = -11*y**2 + 3*y + 93. What is the units digit of p(0)?
3
Let f(w) = w**3 - 9*w**2 - 11*w + 13. Let c be f(10). Suppose 0 = -d + 5*h + 75, -c*d - 4*h = -5*h - 155. What is the units digit of d?
0
Let o = -22 - -16. What is the tens digit of 55 + o*(-2)/(-4)?
5
Let s = 1407 + -293. What is the tens digit of s?
1
Suppose 10*d = 7*d + 168. What is the tens digit of d?
5
Let t(d) = -6*d - 4. Let g be t(-4). Let b = 30 - g. Suppose -4*z - 126 = -b*z. What is the tens digit of z?
2
Let a be 16/(-24) - 89/(-3). Let u be a/((-4)/6 - -1). Let f = u + -54. What is the units digit of f?
3
Let b(s) = -5*s - 30. What is the units digit of b(-22)?
0
Suppose -4*r - 1 = -2*g - r, 2*r - 21 = -3*g. Suppose -3*x - 3*h = -5*h - 288, -x = g*h - 113. What is the tens digit of x?
9
Let y = 3947 + -2881. What is the tens digit of y?
6
Let g(z) = -28 + 9 - 11*z + 4 - 11*z. What is the tens digit of g(-5)?
9
Let v = 30 + -27. Suppose 3 = v*m - 138. What is the tens digit of m?
4
Let c(z) = z**2 + z + 13. What is the units digit of c(-3)?
9
Let f = 9 + -9. Suppose 2*r - 4*j - 90 = f, -r + 0*r - 4*j + 33 = 0. What is the tens digit of r?
4
Let m(n) = 46*n. What is the tens digit of m(10)?
6
Let r(k) = k**3 + 8*k**2 - 2*k. Let n be r(-8). Let b = 24 - n. What is the units digit of b?
8
Let v(g) = -g**3 + 20*g**2 - 19*g - 9. What is the hundreds digit of v(9)?
7
Suppose 0 = -3*n - z + 458, 6*n - 3*z - 754 = n. What is the units digit of n?
2
Let b(j) = -j**2 + 6*j + 4. Suppose 0 = -2*z + 6. Suppose -z*p - 2 = -17. What is the units digit of b(p)?
9
Let h be 20/11 + (-34)/(-187). Suppose -h*r + 423 = r. What is the units digit of r?
1
Let o(q) = -124*q**3 - 4*q**2 - q + 7. What is the hundreds digit of o(-2)?
9
Let o = -398 + 1271. Let l = o - 616. What is the units digit of l?
7
Let c = 737 + -506. Suppose -5*k = 4*z - c, -k + 14 = -5*z - 38. Suppose -12 + k = 5*m. What is the units digit of m?
7
Suppose -4*i - 3*n = 18, 6 = -3*i - 2*n - 7. What is the hundreds digit of (-2 - (i + 2))/(-2)*254?
1
Suppose -6160 = -9*y - 11*y. What is the hundreds digit of y?
3
Let l be (-9163)/(-44) - 3/(-4). What is the units digit of (-24)/15*(-6 - l)?
4
Let b(y) = 3*y**2 - 5*y + 12. What is the hundreds digit of b(-18)?
0
Let s be (-3)/(-12) + (-9)/(-12). What is the tens digit of (111/(-9))/(s/(-6))?
7
Suppose 0 = r + 2*s + 110, 2*r + s + 215 = 2*s. Let x = 274 + -121. Let o = x + r. What is the units digit of o?
5
Let r(u) = u**3 + 6*u**2 - 5*u + 7. Let g(k) = -k**2 + k - 1. Let t(n) = 3*g(n) + r(n). Let w be t(-4). What is the units digit of w - -1 - (-18 + -6)?
1
Let c(r) = 4*r**2 - 2*r**2 - 4*r**2 + 3*r**2 - 39. Let w be c(0). Let s = 69 + w. What is the tens digit of s?
3
Let p = 44 + -46. What is the tens digit of (-130)/(-2)*(-2)/p?
6
Suppose n = 2*n - 3. Suppose a = n + 5. What is the tens digit of 15 + -2*(-4)/a?
1
Let m(i) = i**3 + 43*i**2 + 6*i + 10. What is the units digit of m(-10)?
0
Let b = -518 - -1716. What is the hundreds digit of b?
1
Suppose -44*v = 4*j - 41*v - 15257, j - 3803 = 3*v. What is the units digit of j?
2
Suppose 0 = 2*m + 2*y - 828, 15 - 21 = -2*y. What is the hundreds digit of m?
4
Let j = 1 - -4. Suppose 2*b = 6*b - 3*z - 96, -3*b + 4*z + 72 = 0. Suppose j*r = 2*r + b. What is the units digit of r?
8
Suppose 0 = 5*n - 5, -2*n = 3*l - 2261 + 444. Suppose -15*f + 430 = -l. What is the units digit of f?
9
Let s(c) = -c**3 + 10*c**2 - c + 16. Let j be s(11). Let t = -73 - j. What is the units digit of t?
3
Suppose 7*z + 94 + 18 = 0. Suppose p - 28 = 2*p. What is the units digit of (3 + p/z)*4?
9
Let x = 4 + -1. Let i = 1737 - 1737. Suppose i = -17*o + 16*o + x. What is the units digit of o?
3
